Suppose 5 = -5*m - 10, 3*i - 270 = m. Let y = -64 + i. List the prime factors of y.
5
Let b = 29 + 35. List the prime factors of b.
2
Let p(v) be the first derivative of v**5/60 + v**4/24 + v**3/3 - v**2 - 4. Let y(c) be the second derivative of p(c). What are the prime factors of y(-2)?
2
Suppose l + g - 2 = -0*l, -2*l - 3*g + 7 = 0. Let z(f) = -11*f**3 + 1. What are the prime factors of z(l)?
2, 3
Let f(r) = -7*r - 32. What are the prime factors of f(-23)?
3, 43
Suppose f + 118 = 3*f. Let a = -39 + f. Suppose 0 = 2*z - 7*z + a. List the prime factors of z.
2
Let q be 1 + 0 + -4 + -34. What are the prime factors of ((-32)/4)/2 - q?
3, 11
List the prime factors of 314 + (-5)/(5/(-4)).
2, 3, 53
Let y be ((-12)/15)/(2/5). Let t be (6/4)/(1/(-2)). List the prime factors of y/t*(-21)/(-2).
7
What are the prime factors of 2/(((-1)/1)/(3 + -24))?
2, 3, 7
Suppose -3*w + 7*w - 396 = 0. What are the prime factors of w?
3, 11
Let k be 4/(-22) + (-14)/(-77). Suppose 0*h - 5*h + 25 = k. Suppose -3*f = 5*y - 62, 0*y + 4*f = h*y - 69. What are the prime factors of y?
13
Suppose 0 = 5*y - 4 - 21. Suppose -2*q = -2*u + 44, 5*u = u + y*q + 85. What are the prime factors of u?
5
Suppose 4*t = 4*v + 219 - 39, -t = -5*v - 65. List the prime factors of t.
2, 5
Let r(l) = -60*l + 1. Let w be r(-1). Suppose k + 1 = 4*m, 4*k - w = -0*k + 3*m. What are the prime factors of k?
19
Suppose y - 5*y + 4*b + 144 = 0, 5*y - 164 = b. List the prime factors of y.
2
Suppose 4*h = -2*c + 52, -2*h = 2 - 0. Let j be 0*((-6)/9)/(-2). Suppose 5*t - 17 - c = j. What are the prime factors of t?
3
Let d(k) = -10*k + 6*k + k**2 - 2 + 0 - 3. List the prime factors of d(6).
7
Suppose 5*j - 3*y - 918 = 0, j - 4*y - 190 = -5*y. What are the prime factors of j?
2, 3, 31
Let i = 4 + 1. Suppose -4*w + 3 = 4*m - 49, 4*w = -i*m + 60. What are the prime factors of m?
2
Let v = -165 + 69. What are the prime factors of (v/18)/((-1)/3)?
2
Let l = 269 + -49. List the prime factors of l.
2, 5, 11
Let y = 6 + -5. Suppose 2*c - 2 = a, -5*c = -5*a + y + 4. What are the prime factors of a?
2
Let r be (-2)/(-13) + (-4)/26. Suppose 20 = m - r. List the prime factors of m.
2, 5
Let w(z) be the second derivative of z**5/20 - 3*z**4/4 + 4*z**3/3 + 9*z**2/2 - 6*z. List the prime factors of w(8).
3
Let h = 13 - 9. Suppose 0 = p + p + 12. Let v = h - p. List the prime factors of v.
2, 5
Suppose -10*g + 1336 - 136 = 0. List the prime factors of g.
2, 3, 5
Suppose 4*v = 2*o - 0*v - 20, 2*v = -4*o + 50. Suppose 4*q = m - o + 61, -5*m = 3*q - 31. What are the prime factors of q?
2, 3
Suppose 0 = n - 6*n - 15. Let j = 5 + n. Suppose -24 = -t - j*t. List the prime factors of t.
2
Suppose 6*r - r - 65 = 0. Let w = r + -3. List the prime factors of w.
2, 5
What are the prime factors of (-1)/(2/(-118) + 0)?
59
Suppose 7*z = -z + 24. List the prime factors of z.
3
Let m = 3 - -26. Suppose -5*i = -m + 4. List the prime factors of (2/i)/((-2)/(-10)).
2
Let p(n) = 2*n**3 - 3*n**2 + 3*n - 3. Let m = 4 + -2. List the prime factors of p(m).
7
Let y = -39 - -10. What are the prime factors of y/(-3) - 2/3?
3
Let p = -12 + 17. Let g(o) = 4*o**2 + o. Let u be g(1). Suppose -u = -5*n + p. List the prime factors of n.
2
Let v = -8 + 8. Suppose -3*k = -15, -4*k = -4*t - 2*k + 10. Suppose v*x + 39 = 5*o - 2*x, 3*o - 11 = -t*x. List the prime factors of o.
7
Let n(r) = -3*r - 11. What are the prime factors of n(-9)?
2
Suppose 2 = -v - f + 8, -2*v + 5*f = 9. Suppose 0 = 2*p - 27 - 65. Suppose v*n = 5*s + p, 38 = 4*n - 2*s + 7*s. What are the prime factors of n?
2, 3
Let s be (48/(-9))/(8/(-12)). Suppose -3*p = z - 0*p - s, p = -2. Let b = -5 + z. What are the prime factors of b?
3
Suppose -2*g + v = 3*g - 2142, -4*g + 1710 = v. List the prime factors of g.
2, 107
Suppose 313 = 6*n - 719. What are the prime factors of n?
2, 43
Let s(j) = 2*j**2 - 14*j - 7. What are the prime factors of s(11)?
3
Suppose 3*y - 202 = -0*y + 5*l, 0 = -4*y - l + 254. List the prime factors of y.
2
Suppose -4 = a, 2*d + 5*a - 6 = -0*a. What are the prime factors of d?
13
Let g be 8/(-2)*3/(-6). Suppose 0*q = q + g. List the prime factors of 6/3 + 11 + q.
11
Let d be (1 - 4)*(-4)/(-12). What are the prime factors of -2 + 0 + (d - -12)?
3
Let q(n) be the first derivative of -n**2/2 + 19*n + 2. Let t be q(10). Suppose -t*z + 4*m + 42 = -4*z, -22 = -2*z - m. List the prime factors of z.
2, 5
Let w(g) = g + 9. What are the prime factors of w(-7)?
2
Suppose 0 = -4*z - 5*l + 24, 0*z + 5*l - 17 = 3*z. Let r be z/(2 + (-15)/8). What are the prime factors of 1*(-6)/(-3) + r?
2, 5
Let o(m) = 13*m + 3 - 3 - 1. Let j be o(-2). List the prime factors of (1 - 0) + j/(-3).
2, 5
Let q = -8 + 4. What are the prime factors of (1 + q - -6) + 6?
3
Let d = 5 + -3. Let l(o) = o**2 + 0 + 2*o**d + o**3 - 1 - o. What are the prime factors of l(-3)?
2
Let z be (-4)/(-10) + (-2)/5. Suppose z = 3*r + 5*m - 11, -3*m + 11 = 5*r - r. Suppose -r*o = -o - 14. What are the prime factors of o?
2, 7
Let w = 15 + -6. Let v = 15 - w. Suppose 2*n - 20 + v = 0. What are the prime factors of n?
7
Let w(d) = -2*d. Let q(c) = -c**3 + 8*c**2 - 8*c + 6. Let m be q(7). Let l be w(m). Suppose 0*j - 42 = -l*j. What are the prime factors of j?
3, 7
Let f be (-24)/(-10) + 18/30. Suppose -5*x + 0*z - 5*z + 65 = 0, -z = f*x - 31. List the prime factors of x.
3
Let c be ((-7)/1)/((-2)/(-6)). List the prime factors of ((-2)/6)/(1/c).
7
Suppose 0 = -p + w + 152, 2*p - 2*w - 608 = -2*p. What are the prime factors of p/20 + 4/10?
2
Let o be (0 + 1 - 1)/1. Let v(y) = o + 7*y + 0. What are the prime factors of v(1)?
7
Suppose -18 = -5*k + 4*o, -4*k + 18 = -7*o + 2*o. What are the prime factors of 0 + k/(-4)*-6?
3
Suppose 2*v + 572 = 3*b, -4*v + 308 = 3*b - 240. What are the prime factors of b?
2, 47
Let a = 2 + 2. What are the prime factors of 18/1 + 4/a?
19
Let l(i) = i**2 - 5*i - 1. Let d be l(5). Let p(m) = -m**3 - m**2 - 5*m**3 - m**3. List the prime factors of p(d).
2, 3
Let c be 6/1*2/4. Suppose -n - c*n = -240. Suppose 9*p = 4*p + n. What are the prime factors of p?
2, 3
List the prime factors of (1 + (-3)/6)*6.
3
Let n(x) = -x**3 + 23*x**2 - 40*x + 18. List the prime factors of n(21).
2, 3, 5
Let h(j) = j**3 + 5*j**2 - 6*j + 2. Let x be h(-6). Let t(p) = 5*p**2 + 3*p - 1. Let n be t(2). Suppose -x*f + n + 5 = 0. What are the prime factors of f?
3, 5
Let q(s) = -19*s + 26. List the prime factors of q(-6).
2, 5, 7
Let p = 7 - 13. List the prime factors of 79/9 - p/27.
3
Suppose 0 = -4*d - 100 + 440. List the prime factors of d.
5, 17
Let z(j) = -j - 7. Let i be z(-6). Let h be 26*i*(-1)/2. Let f = h - 4. List the prime factors of f.
3
Let x(f) = -4*f**2 + 10*f + 2. Let z(n) = -9*n**2 + 21*n + 3. Let d(q) = 7*x(q) - 3*z(q). List the prime factors of d(5).
3, 5
Let g(b) = -b**2 + 2*b - 3. Let p be g(2). Let l = 53 + -47. Let t = p + l. What are the prime factors of t?
3
Let w(z) = 2*z - 28. What are the prime factors of w(28)?
2, 7
Let d be 1 + 0 + -1*14. Suppose n - 2*n - 5 = 0. Let h = n - d. What are the prime factors of h?
2
Suppose 0 = 4*o - 6*o + 102. List the prime factors of o.
3, 17
Suppose -4*y + 29 = 3*h, 3*h + 1 = 2*h. Let k be (4/y)/((-2)/(-40)). Suppose 2*o + k = 4*o. List the prime factors of o.
5
Let y = -9 + -14. Let m be y/(-6) + (-2)/(-12). Suppose -m*r + 40 = -4. What are the prime factors of r?
11
Let h be (396/27)/((-4)/(-6)). Let o = -13 + h. What are the prime factors of o?
3
Let l = -8 - -10. Suppose 2*d - 4*o = 2, -2*o + 11 = l*d + 3*o. Let n(w) = w**2 + 3*w + 1. List the prime factors of n(d).
19
Let t = 119 - 1. List the prime factors of t.
2, 59
Let p = 11 + -8. Suppose 0 = 4*a - 5*s - 33, -p*s = a - 2*s + 3. Suppose -f = -a - 9. What are the prime factors of f?
11
Let a = 68 + -21. List the prime factors of a.
47
Suppose -s + 0*s = 2. Let m be (4/2 + s)*1. List the prime factors of (2 - m)*(-88)/(-16).
11
What are the prime factors of 1131/21 + 5/35?
2, 3
Let t = -2 - -2. Let a = -12 + 9. What are the prime factors of 6 + t*1/a?
2, 3
Suppose 2*w = -3*f - 1 + 8, 3 = -f. What are the prime factors of w?
2
Suppose 0 = -4*n + 2*u + 36, -n + 2*u + 10 = u. Let q = n + -12. List the prime factors of (q/6)/((-2)/24).
2
Let y(u) = u - 5. Let w be y(7). Let o be ((-2)/w - -1) + 2. List the pr